{"id":101,"date":"2016-05-29T13:42:32","date_gmt":"2016-05-29T11:42:32","guid":{"rendered":"https:\/\/www.burgfrisoer-mona.de\/index.php\/gallerie\/artistic-fashion-august-2015\/"},"modified":"2016-05-30T17:52:23","modified_gmt":"2016-05-30T15:52:23","slug":"artistic-fashion-august-2015","status":"publish","type":"page","link":"https:\/\/www.burgfrisoer-mona.de\/index.php\/gallerie\/artistic-fashion-august-2015\/","title":{"rendered":"Artistic Fashion &#8211; August 2015"},"content":{"rendered":"ngg_shortcode_0_placeholder\n<div class=\"infobox\">\n<strong>Model:<\/strong> Anja Hei\u00df<br \/>\n<strong>Fotograf:<\/strong> Daniel Kolisnek<br \/>\n<strong>Visagistin:<\/strong> Ramona Kanefzky<\/p>\n<div class=\"back\"><a href=\"https:\/\/www.burgfrisoer-mona.de\/index.php\/gallerie\/\">Zur\u00fcck zur \u00dcbersicht<\/a><\/div>\n<\/div>\n","protected":false},"excerpt":{"rendered":"<p>Model: Anja Hei\u00df Fotograf: Daniel Kolisnek Visagistin: Ramona Kanefzky Zur\u00fcck zur \u00dcbersicht<\/p>\n","protected":false},"author":1,"featured_media":0,"parent":6,"menu_order":0,"comment_status":"closed","ping_status":"closed","template":"","meta":{"ngg_post_thumbnail":0,"footnotes":""},"class_list":["post-101","page","type-page","status-publish","hentry"],"_links":{"self":[{"href":"https:\/\/www.burgfrisoer-mona.de\/index.php\/wp-json\/wp\/v2\/pages\/101","targetHints":{"allow":["GET"]}}],"collection":[{"href":"https:\/\/www.burgfrisoer-mona.de\/index.php\/wp-json\/wp\/v2\/pages"}],"about":[{"href":"https:\/\/www.burgfrisoer-mona.de\/index.php\/wp-json\/wp\/v2\/types\/page"}],"author":[{"embeddable":true,"href":"https:\/\/www.burgfrisoer-mona.de\/index.php\/wp-json\/wp\/v2\/users\/1"}],"replies":[{"embeddable":true,"href":"https:\/\/www.burgfrisoer-mona.de\/index.php\/wp-json\/wp\/v2\/comments?post=101"}],"version-history":[{"count":3,"href":"https:\/\/www.burgfrisoer-mona.de\/index.php\/wp-json\/wp\/v2\/pages\/101\/revisions"}],"predecessor-version":[{"id":156,"href":"https:\/\/www.burgfrisoer-mona.de\/index.php\/wp-json\/wp\/v2\/pages\/101\/revisions\/156"}],"up":[{"embeddable":true,"href":"https:\/\/www.burgfrisoer-mona.de\/index.php\/wp-json\/wp\/v2\/pages\/6"}],"wp:attachment":[{"href":"https:\/\/www.burgfrisoer-mona.de\/index.php\/wp-json\/wp\/v2\/media?parent=101"}],"curies":[{"name":"wp","href":"https:\/\/api.w.org\/{rel}","templated":true}]}}

ngg_shortcode_0_placeholder
<div class="infobox">
<strong>Model:</strong> Anja Heiß<br />
<strong>Fotograf:</strong> Daniel Kolisnek<br />
<strong>Visagistin:</strong> Ramona Kanefzky</p>
<div class="back"><a href="https://www.burgfrisoer-mona.de/index.php/gallerie/">Zurück zur Übersicht</a></div>
</div>

<p>Model: Anja Heiß Fotograf: Daniel Kolisnek Visagistin: Ramona Kanefzky Zurück zur Übersicht</p>
