{"id":141,"date":"2016-05-30T17:07:48","date_gmt":"2016-05-30T15:07:48","guid":{"rendered":"https:\/\/www.burgfrisoer-mona.de\/index.php\/gallerie\/artistic-fashion-maerz-2016-miriam\/"},"modified":"2016-05-30T17:51:39","modified_gmt":"2016-05-30T15:51:39","slug":"artistic-fashion-maerz-2016-miriam","status":"publish","type":"page","link":"https:\/\/www.burgfrisoer-mona.de\/index.php\/gallerie\/artistic-fashion-maerz-2016-miriam\/","title":{"rendered":"Artistic Fashion &#8211; M\u00e4rz 2016"},"content":{"rendered":"ngg_shortcode_0_placeholder\n<div class=\"infobox\">\n<strong>Model:<\/strong> Miriam J\u00e4ckle<br \/>\n<strong>Fotograf:<\/strong> Stefan Pesavento<br \/>\n<strong>Visagistin:<\/strong> Ramona Kanefzky<\/p>\n<div class=\"back\"><a href=\"https:\/\/www.burgfrisoer-mona.de\/index.php\/gallerie\/\">Zur\u00fcck zur \u00dcbersicht<\/a><\/div>\n<\/div>\n","protected":false},"excerpt":{"rendered":"<p>Model: Miriam J\u00e4ckle Fotograf: Stefan Pesavento Visagistin: Ramona Kanefzky Zur\u00fcck zur \u00dcbersicht<\/p>\n","protected":false},"author":1,"featured_media":0,"parent":6,"menu_order":0,"comment_status":"closed","ping_status":"closed","template":"","meta":{"ngg_post_thumbnail":0,"footnotes":""},"class_list":["post-141","page","type-page","status-publish","hentry"],"_links":{"self":[{"href":"https:\/\/www.burgfrisoer-mona.de\/index.php\/wp-json\/wp\/v2\/pages\/141","targetHints":{"allow":["GET"]}}],"collection":[{"href":"https:\/\/www.burgfrisoer-mona.de\/index.php\/wp-json\/wp\/v2\/pages"}],"about":[{"href":"https:\/\/www.burgfrisoer-mona.de\/index.php\/wp-json\/wp\/v2\/types\/page"}],"author":[{"embeddable":true,"href":"https:\/\/www.burgfrisoer-mona.de\/index.php\/wp-json\/wp\/v2\/users\/1"}],"replies":[{"embeddable":true,"href":"https:\/\/www.burgfrisoer-mona.de\/index.php\/wp-json\/wp\/v2\/comments?post=141"}],"version-history":[{"count":2,"href":"https:\/\/www.burgfrisoer-mona.de\/index.php\/wp-json\/wp\/v2\/pages\/141\/revisions"}],"predecessor-version":[{"id":154,"href":"https:\/\/www.burgfrisoer-mona.de\/index.php\/wp-json\/wp\/v2\/pages\/141\/revisions\/154"}],"up":[{"embeddable":true,"href":"https:\/\/www.burgfrisoer-mona.de\/index.php\/wp-json\/wp\/v2\/pages\/6"}],"wp:attachment":[{"href":"https:\/\/www.burgfrisoer-mona.de\/index.php\/wp-json\/wp\/v2\/media?parent=141"}],"curies":[{"name":"wp","href":"https:\/\/api.w.org\/{rel}","templated":true}]}}

Artistic Fashion &#8211; März 2016

ngg_shortcode_0_placeholder
<div class="infobox">
<strong>Model:</strong> Miriam Jäckle<br />
<strong>Fotograf:</strong> Stefan Pesavento<br />
<strong>Visagistin:</strong> Ramona Kanefzky</p>
<div class="back"><a href="https://www.burgfrisoer-mona.de/index.php/gallerie/">Zurück zur Übersicht</a></div>
</div>

<p>Model: Miriam Jäckle Fotograf: Stefan Pesavento Visagistin: Ramona Kanefzky Zurück zur Übersicht</p>
