{"id":4,"date":"2016-05-09T12:57:37","date_gmt":"2016-05-09T10:57:37","guid":{"rendered":"https:\/\/www.burgfrisoer-mona.de\/?page_id=4"},"modified":"2016-06-14T13:16:29","modified_gmt":"2016-06-14T11:16:29","slug":"ueber-mich","status":"publish","type":"page","link":"https:\/\/www.burgfrisoer-mona.de\/index.php\/ueber-mich\/","title":{"rendered":"\u00dcber mich"},"content":{"rendered":"<p><strong>Ramona Kanefzky<\/strong><\/p>\n<p><strong>1987 &#8211; 1990 Ausbildung<\/strong><br \/>\n3 Jahre lang habe ich in einem Trend-Orientiertem Salon, der alle handwerkliche T\u00e4tigkeiten des Berufs beherrscht, gelernt und mir dadurch ein breites Wissen aneignen k\u00f6nnen.<\/p>\n<p><strong>1990 &#8211; 2006 Angestellte<\/strong><br \/>\nWeitere 16 Jahre verbrachte ich als Angestellte in meinem Lehrbetrieb. Hier\u00a0konnte ich einfach\u00a0weiterhin so vieles lernen und bin unter anderem auch deshalb noch so lange und gerne dort geblieben. Eine kurz Unterbrechung machte ich allerdings 2005, um meinem Meister zu machen.<\/p>\n<p><strong>2005 Meisterbrief<\/strong><br \/>\nIn Augsburg habe ich meinen Meisterbrief gemacht und habe dann zus\u00e4tzlich, wegen besonderer Leistungen, von der Bayrischen Staatsregierung noch den Meisterpreis bekommen. <\/p>\n<p><strong>2006 Selbstst\u00e4ndigkeit<\/strong><br \/>\nIm September 2006 er\u00f6ffnete ich meinen eigenen Salon &#8211; ein gro\u00dfer Traum wurde damit wahr. Nebenbei\u00a0war ich in dieser Zeit und bis einschlie\u00dflich 2010 noch als Dozentin f\u00fcr Auszubildende (\u00dcBA) in der Innung t\u00e4tig.<\/p>\n<p><strong>2014 Visagistin<\/strong><br \/>\nMeine Zusatzausbildung zur Visagistin habe ich dann in M\u00fcnchen bei &#8222;Pure-Idea&#8220; erfolgreich beendet.<\/p>\n<p>Kreatives, Trend-Orientiertes und modernes Arbeiten zeichnet mich aus. Seit 2014 besch\u00e4ftige ich mich au\u00dferdem vermehrt mit Artistic Fashion\u00a0und bringe\u00a0so, mit Unterst\u00fctzung eines Fotografen, von der Planung bis zur Umsetzung meine Kreativit\u00e4t aufs Papier. Sie k\u00f6nnen <a href=\"https:\/\/www.burgfrisoer-mona.de\/index.php\/gallerie\/\">in der Galerie<\/a>\u00a0meine bisherigen Projekte\u00a0ansehen.<\/p>\n","protected":false},"excerpt":{"rendered":"<p>Ramona Kanefzky 1987 &#8211; 1990 Ausbildung 3 Jahre lang habe ich in einem Trend-Orientiertem Salon, der alle handwerkliche T\u00e4tigkeiten des Berufs beherrscht, gelernt und mir dadurch ein breites Wissen aneignen k\u00f6nnen. 1990 &#8211; 2006 Angestellte Weitere 16 Jahre verbrachte ich als Angestellte in meinem Lehrbetrieb. Hier\u00a0konnte ich einfach\u00a0weiterhin so vieles lernen und bin unter anderem &hellip; <a href=\"https:\/\/www.burgfrisoer-mona.de\/index.php\/ueber-mich\/\" class=\"more-link\"><span class=\"screen-reader-text\">\u201e\u00dcber mich\u201c<\/span> weiterlesen<\/a><\/p>\n","protected":false},"author":1,"featured_media":0,"parent":0,"menu_order":0,"comment_status":"closed","ping_status":"closed","template":"","meta":{"ngg_post_thumbnail":0,"footnotes":""},"class_list":["post-4","page","type-page","status-publish","hentry"],"_links":{"self":[{"href":"https:\/\/www.burgfrisoer-mona.de\/index.php\/wp-json\/wp\/v2\/pages\/4","targetHints":{"allow":["GET"]}}],"collection":[{"href":"https:\/\/www.burgfrisoer-mona.de\/index.php\/wp-json\/wp\/v2\/pages"}],"about":[{"href":"https:\/\/www.burgfrisoer-mona.de\/index.php\/wp-json\/wp\/v2\/types\/page"}],"author":[{"embeddable":true,"href":"https:\/\/www.burgfrisoer-mona.de\/index.php\/wp-json\/wp\/v2\/users\/1"}],"replies":[{"embeddable":true,"href":"https:\/\/www.burgfrisoer-mona.de\/index.php\/wp-json\/wp\/v2\/comments?post=4"}],"version-history":[{"count":6,"href":"https:\/\/www.burgfrisoer-mona.de\/index.php\/wp-json\/wp\/v2\/pages\/4\/revisions"}],"predecessor-version":[{"id":174,"href":"https:\/\/www.burgfrisoer-mona.de\/index.php\/wp-json\/wp\/v2\/pages\/4\/revisions\/174"}],"wp:attachment":[{"href":"https:\/\/www.burgfrisoer-mona.de\/index.php\/wp-json\/wp\/v2\/media?parent=4"}],"curies":[{"name":"wp","href":"https:\/\/api.w.org\/{rel}","templated":true}]}}

Über mich

<p><strong>Ramona Kanefzky</strong></p>
<p><strong>1987 &#8211; 1990 Ausbildung</strong><br />
3 Jahre lang habe ich in einem Trend-Orientiertem Salon, der alle handwerkliche Tätigkeiten des Berufs beherrscht, gelernt und mir dadurch ein breites Wissen aneignen können.</p>
<p><strong>1990 &#8211; 2006 Angestellte</strong><br />
Weitere 16 Jahre verbrachte ich als Angestellte in meinem Lehrbetrieb. Hier konnte ich einfach weiterhin so vieles lernen und bin unter anderem auch deshalb noch so lange und gerne dort geblieben. Eine kurz Unterbrechung machte ich allerdings 2005, um meinem Meister zu machen.</p>
<p><strong>2005 Meisterbrief</strong><br />
In Augsburg habe ich meinen Meisterbrief gemacht und habe dann zusätzlich, wegen besonderer Leistungen, von der Bayrischen Staatsregierung noch den Meisterpreis bekommen. </p>
<p><strong>2006 Selbstständigkeit</strong><br />
Im September 2006 eröffnete ich meinen eigenen Salon &#8211; ein großer Traum wurde damit wahr. Nebenbei war ich in dieser Zeit und bis einschließlich 2010 noch als Dozentin für Auszubildende (ÜBA) in der Innung tätig.</p>
<p><strong>2014 Visagistin</strong><br />
Meine Zusatzausbildung zur Visagistin habe ich dann in München bei &#8222;Pure-Idea&#8220; erfolgreich beendet.</p>
<p>Kreatives, Trend-Orientiertes und modernes Arbeiten zeichnet mich aus. Seit 2014 beschäftige ich mich außerdem vermehrt mit Artistic Fashion und bringe so, mit Unterstützung eines Fotografen, von der Planung bis zur Umsetzung meine Kreativität aufs Papier. Sie können <a href="https://www.burgfrisoer-mona.de/index.php/gallerie/">in der Galerie</a> meine bisherigen Projekte ansehen.</p>

<p>Ramona Kanefzky 1987 &#8211; 1990 Ausbildung 3 Jahre lang habe ich in einem Trend-Orientiertem Salon, der alle handwerkliche Tätigkeiten des Berufs beherrscht, gelernt und mir dadurch ein breites Wissen aneignen können. 1990 &#8211; 2006 Angestellte Weitere 16 Jahre verbrachte ich als Angestellte in meinem Lehrbetrieb. Hier konnte ich einfach weiterhin so vieles lernen und bin unter anderem &hellip; <a href="https://www.burgfrisoer-mona.de/index.php/ueber-mich/" class="more-link"><span class="screen-reader-text">„Über mich“</span> weiterlesen</a></p>
